
List the prime factors of 4984928.
2, 13, 23, 521
List the prime factors of 142934.
2, 11, 73, 89
List the prime factors of 285726.
2, 3, 7, 6803
What are the prime factors of 218098?
2, 109049
List the prime factors of 6559009.
19, 18169
List the prime factors of 260379.
3, 7, 4133
List the prime factors of 380073.
3, 126691
What are the prime factors of 128651?
127, 1013
List the prime factors of 2277079.
7, 46471
What are the prime factors of 2026648?
2, 13, 1499
List the prime factors of 271144.
2, 33893
List the prime factors of 273807.
3, 10141
What are the prime factors of 15216951?
3, 317, 16001
What are the prime factors of 7586379?
3, 73, 1283
What are the prime factors of 10958827?
11, 996257
List the prime factors of 8887472.
2, 11, 50497
What are the prime factors of 584726?
2, 292363
List the prime factors of 12419098.
2, 293, 21193
What are the prime factors of 3657193?
17, 43, 5003
What are the prime factors of 2602896?
2, 3, 211, 257
List the prime factors of 1620135.
3, 5, 11, 1091
List the prime factors of 1061725.
5, 7, 6067
What are the prime factors of 1868055?
3, 5, 7, 17791
What are the prime factors of 279075?
3, 5, 61
What are the prime factors of 5595679?
47, 119057
What are the prime factors of 232829?
23, 53, 191
What are the prime factors of 590618?
2, 7, 42187
List the prime factors of 607980.
2, 3, 5, 10133
List the prime factors of 3378556.
2, 844639
What are the prime factors of 4303105?
5, 101, 8521
List the prime factors of 9838847.
983, 10009
List the prime factors of 562747.
89, 6323
List the prime factors of 836100.
2, 3, 5, 929
List the prime factors of 12240413.
12240413
List the prime factors of 204950.
2, 5, 4099
What are the prime factors of 971888?
2, 19, 23, 139
List the prime factors of 4322618.
2, 43, 50263
List the prime factors of 1122934.
2, 127, 4421
What are the prime factors of 2269167?
3, 101, 7489
List the prime factors of 7882874.
2, 3941437
List the prime factors of 1835034.
2, 3, 305839
List the prime factors of 168713.
168713
List the prime factors of 703774.
2, 351887
List the prime factors of 770054.
2, 385027
What are the prime factors of 4496975?
5, 7, 3671
What are the prime factors of 4109058?
2, 3, 228281
What are the prime factors of 1739558?
2, 869779
What are the prime factors of 382341?
3, 127447
What are the prime factors of 206767?
11, 18797
What are the prime factors of 321273?
3, 73, 163
List the prime factors of 704124.
2, 3, 19559
List the prime factors of 4768393.
7, 727, 937
What are the prime factors of 5213101?
17, 306653
List the prime factors of 6733300.
2, 5, 7, 9619
What are the prime factors of 73678?
2, 11, 17, 197
What are the prime factors of 1782232?
2, 222779
What are the prime factors of 1854325?
5, 11, 613
List the prime factors of 141510.
2, 3, 5, 53, 89
List the prime factors of 145032.
2, 3, 6043
List the prime factors of 40331477.
277, 145601
What are the prime factors of 5086054?
2, 2543027
What are the prime factors of 403626?
2, 3, 67271
List the prime factors of 346711.
346711
List the prime factors of 162419.
162419
What are the prime factors of 1617123?
3, 163, 3307
List the prime factors of 25992805.
5, 1427, 3643
What are the prime factors of 4607037?
3, 18959
List the prime factors of 129995.
5, 25999
List the prime factors of 1770703.
11, 17, 557
What are the prime factors of 18514563?
3, 23, 151, 1777
List the prime factors of 979500.
2, 3, 5, 653
What are the prime factors of 2380022?
2, 1190011
List the prime factors of 206165.
5, 41233
What are the prime factors of 2019765?
3, 5, 11, 12241
List the prime factors of 12088704.
2, 3, 31481
What are the prime factors of 1078014?
2, 3, 7, 25667
What are the prime factors of 7578039?
3, 7, 17, 21227
List the prime factors of 4804368.
2, 3, 101, 991
What are the prime factors of 280421?
19, 14759
List the prime factors of 499446.
2, 3, 3083
List the prime factors of 3954336.
2, 3, 17, 2423
What are the prime factors of 259026?
2, 3, 23, 1877
What are the prime factors of 126767?
109, 1163
What are the prime factors of 7658206?
2, 3829103
List the prime factors of 198901.
198901
List the prime factors of 26667867.
3, 653, 13613
What are the prime factors of 1428827?
53, 26959
List the prime factors of 5474787.
3, 59, 30931
What are the prime factors of 177581?
311, 571
What are the prime factors of 1954265?
5, 41, 9533
What are the prime factors of 3844479?
3, 19, 67447
List the prime factors of 275728.
2, 19, 907
List the prime factors of 151415.
5, 11, 2753
List the prime factors of 41204.
2, 10301
List the prime factors of 159209.
159209
What are the prime factors of 20300106?
2, 3, 977, 3463
What are the prime factors of 312975?
3, 5, 13, 107
List the prime factors of 177735.
3, 5, 17, 41
What are the prime factors of 13984902?
2, 3, 29, 73, 367
List the prime factors of 270590.
2, 5, 27059
List the prime factors of 8919456.
2, 3, 7, 13, 1021
What are the prime factors of 1038486?
2, 3, 173081
List the prime factors of 4756125.
3, 5, 11, 1153
List the prime factors of 7758370.
2, 5, 29, 31, 863
List the prime factors of 2515019.
13, 193463
What are the prime factors of 3550658?
2, 1775329
List the prime factors of 1323783.
3, 59, 277
What are the prime factors of 387891?
3, 7, 47, 131
List the prime factors of 182743.
11, 37, 449
What are the prime factors of 14336515?
5, 2867303
List the prime factors of 591844.
2, 11, 13451
List the prime factors of 110651.
110651
List the prime factors of 1693171.
1693171
List the prime factors of 287867.
287867
What are the prime factors of 316761?
3, 17, 6211
List the prime factors of 35962182.
2, 3, 1997899
What are the prime factors of 1644803?
251, 6553
What are the prime factors of 166090?
2, 5, 17, 977
List the prime factors of 3142594.
2, 7, 13, 31, 557
List the prime factors of 26214926.
2, 13107463
List the prime factors of 1392458.
2, 31, 37, 607
List the prime factors of 122991.
3, 11, 3727
List the prime factors of 3208475.
5, 128339
List the prime factors of 12789436.
2, 11, 290669
What are the prime factors of 13370382?
2, 3, 191, 3889
What are the prime factors of 252983?
252983
What are the prime factors of 1938746?
2, 383, 2531
List the prime factors of 1650715.
5, 11, 30013
List the prime factors of 1145158.
2, 7, 157, 521
What are the prime factors of 724681?
29, 24989
What are the prime factors of 172347?
3, 7, 29, 283
What are the prime factors of 93374?
2, 46687
List the prime factors of 187919.
113, 1663
List the prime factors of 456873.
3, 67, 2273
What are the prime factors of 11524448?
2, 13, 2131
What are the prime factors of 193558?
2, 96779
What are the prime factors of 29087071?
13, 2237467
What are the prime factors of 4645081?
7, 663583
What are the prime factors of 523860?
2, 3, 5, 8731
List the prime factors of 357775.
5, 11, 1301
What are the prime factors of 27639?
3, 37, 83
List the prime factors of 284098.
2, 142049
List the prime factors of 12619048.
2, 13, 67, 1811
List the prime factors of 1094776.
2, 281, 487
What are the prime factors of 1948652?
2, 23, 59, 359
List the prime factors of 1715001.
3, 113, 5059
What are the prime factors of 12845019?
3, 11, 269, 1447
What are the prime factors of 635270?
2, 5, 63527
What are the prime factors of 67481?
67481
What are the prime factors of 398434?
2, 73, 2729
List the prime factors of 1488036.
2, 3, 11, 11273
List the prime factors of 522660.
2, 3, 5, 31, 281
List the prime factors of 35251.
35251
List the prime factors of 426112.
2, 3329
What are the prime factors of 140051?
43, 3257
What are the prime factors of 22172?
2, 23, 241
What are the prime factors of 5543212?
2, 19, 72937
What are the prime factors of 17376451?
17376451
What are the prime factors of 16648?
2, 2081
List the prime factors of 431223.
3, 13, 11057
List the prime factors of 1022018.
2, 29, 67, 263
List the prime factors of 6508824.
2, 3, 7, 17, 43, 53
List the prime factors of 10177517.
7, 31, 46901
List the prime factors of 665689.
23, 103, 281
List the prime factors of 769266.
2, 3, 42737
List the prime factors of 934510.
2, 5, 113, 827
What are the prime factors of 1252762?
2, 7, 43, 2081
What are the prime factors of 357431?
357431
What are the prime factors of 113568?
2, 3, 7, 13
